521*d - 3114. Calculate m(6).
12
Let r(c) = -c**3 + 29*c**2 - 87*c + 99. Determine r(26).
-135
Let g(o) = -2*o**3 - 88*o**2 + 186*o + 94. What is g(-46)?
2
Let c(l) = 2*l**2 - 30*l - 5829. Determine c(-47).
-1
Let v(q) = -3*q**2 + 94*q + 1166. Determine v(41).
-23
Let t(a) = 146*a**2 - 1169*a + 6. Calculate t(8).
-2
Let a(w) = w**3 - 4*w**2 - 9*w - 52. Give a(0).
-52
Let r(g) = -929*g - 23231. Calculate r(-25).
-6
Let m(r) = 212*r - 45. Calculate m(2).
379
Let q(v) = -v**3 + 10*v**2 - 64*v + 184. Calculate q(5).
-11
Let z(t) = -t**3 + 16*t**2 + 66*t - 151. Determine z(19).
20
Let x(m) = -m**2 - 18*m - 4. Give x(-19).
-23
Let z(s) = -s**2 - 13*s - 979. What is z(0)?
-979
Let w(y) = -9*y + 172. What is w(19)?
1
Let z(c) = -16*c + 132. Calculate z(-9).
276
Let r(q) = -q**2 + 93*q - 1593. Determine r(22).
-31
Let q(a) = 64*a - 713. Calculate q(11).
-9
Let t(w) = 2*w**3 + 182*w**2 + 187*w + 622. Give t(-90).
-8
Let y(o) = -68*o + 563. Give y(4).
291
Let v(x) = -x**2 - 32*x - 171. What is v(-21)?
60
Let u(v) = -2817*v - 98601. What is u(-35)?
-6
Let h(j) = 104*j + 7545. What is h(-73)?
-47
Let u(z) = 17*z**2 - 2*z - 1. Give u(-1).
18
Let v(r) = -6*r**2 + 166*r - 37. Give v(28).
-93
Let u(j) = 52*j + 21. Give u(-9).
-447
Let g(r) = -r**2 - 7*r + 18. Give g(-5).
28
Let m(r) = 23*r**2 - 31*r - 124. Give m(-4).
368
Let l(f) = -4*f**2 - 61*f - 25. Determine l(-16).
-73
Let b(s) = -64*s**2 - 371*s + 78. What is b(-6)?
0
Let g(u) = 95*u + 327. Determine g(-8).
-433
Let u(t) = -t**2 + 51*t - 147. Calculate u(47).
41
Let q(v) = 13388*v - 66936. What is q(5)?
4
Let x(p) = -p**2 + 13*p + 56. Determine x(-3).
8
Let a(g) = -g**3 - 24*g**2 - 52*g + 217. Calculate a(-21).
-14
Let g(k) = -2099*k - 8395. Calculate g(-4).
1
Let d(g) = -5*g - 133. Calculate d(-33).
32
Let c(r) = -7*r**3 + 2*r**2 - 26*r + 51. Determine c(2).
-49
Let q(i) = i**2 + 28*i + 111. What is q(11)?
540
Let a(g) = g**3 - 29*g**2 + g - 141. What is a(29)?
-112
Let p(t) = -6*t**2 - 159*t - 641. Give p(-5).
4
Let c(w) = w**3 - 24*w**2 - 73*w - 232. Calculate c(27).
-16
Let k(t) = -t**3 + 35*t**2 - 126*t + 965. Determine k(32).
5
Let x(z) = z**3 - 43*z**2 - 311*z + 3428. Determine x(48).
20
Let g(h) = -2*h**3 + 131*h**2 - 603*h - 6. Calculate g(5).
4
Let k(g) = -4*g**2 - 28128*g + 28129. Determine k(1).
-3
Let n(v) = -v**2 + 81*v - 467. Determine n(74).
51
Let h(n) = -3*n**2 - 56*n - 200. Determine h(-14).
-4
Let m(f) = 4*f**2 + 8*f + 35. Give m(-10).
355
Let k(n) = -23*n - 89. Calculate k(-19).
348
Let r(x) = -5*x**2 - 105*x + 14. What is r(-21)?
14
Let f(o) = -o**3 - 20*o**2 - 19*o - 389. Determine f(-20).
-9
Let m(w) = w**3 + 35*w**2 + 109*w - 462. What is m(-31)?
3
Let g(k) = 2*k**2 + 95*k - 67. Give g(-49).
80
Let l(y) = 3*y**2 + 27*y + 165. Give l(-5).
105
Let i(n) = -14*n**2 + 68*n - 49. What is i(4)?
-1
Let n(x) = -x**3 - 4*x**2 + 16*x + 3. Determine n(6).
-261
Let d(z) = -301*z + 794. Calculate d(3).
-109
Let g(k) = -30*k - 612. Determine g(-19).
-42
Let b(z) = z**3 + 18*z**2 - 69*z - 114. Calculate b(-21).
12
Let i(u) = u**2 + 260*u + 3899. Calculate i(-16).
-5
Let y(c) = -5*c**3 - 101*c**2 - 23*c + 16. Determine y(-20).
76
Let k(d) = -14*d - 76. What is k(-15)?
134
Let l(w) = -16*w**2 + 350*w + 44. Give l(22).
0
Let g(z) = -6*z**2 + 110*z - 652. Determine g(6).
-208
Let h(w) = w**2 - 4864*w - 19462. Calculate h(-4).
10
Let l(k) = -9*k + 410. Give l(51).
-49
Let a(i) = 20*i - 246. Determine a(11).
-26
Let j(v) = -5*v**3 - 36*v**2 - 29*v - 121. Calculate j(-7).
33
Let b(p) = p**2 + 126*p + 55. What is b(0)?
55
Let n(g) = 2*g**2 + 12*g + 28. Give n(-10).
108
Let c(j) = j**2 - 148*j + 972. Give c(7).
-15
Let v(d) = 3*d**3 + 12*d**2 - 4*d - 20. Give v(-3).
19
Let r(m) = -16*m + 97. Calculate r(7).
-15
Let a(o) = 4*o - 192. Determine a(-35).
-332
Let m(q) = 72*q**2 + 10*q + 135. Calculate m(0).
135
Let u(j) = 33*j + 4. Determine u(14).
466
Let r(j) = j**3 + 54*j**2 + 40*j - 670. Determine r(-53).
19
Let n(l) = -l**3 - 8*l**2 + 190*l - 316. Calculate n(9).
17
Let j(q) = 2*q**2 - 57*q + 171. Calculate j(25).
-4
Let f(p) = p**2 + 1059*p - 4260. Determine f(4).
-8
Let o(r) = -188*r - 880. What is o(-3)?
-316
Let h(s) = -s**2 + 1870*s - 11190. What is h(6)?
-6
Let n(u) = -35*u**3 + 5*u**2 - 14*u + 5. Calculate n(2).
-283
Let a(b) = -b**2 + 21*b - 54. Give a(13).
50
Let l(a) = a**2 + 833*a + 24875. Give l(-31).
13
Let b(l) = l**3 + 23*l**2 - 138*l + 68. What is b(-28)?
12
Let f(w) = 30*w - 1839. Calculate f(60).
-39
Let j(g) = -19*g**3 + 13*g**2 - 44*g + 33. What is j(2)?
-155
Let n(v) = -v**3 - 188*v**2 - 304*v - 21886. What is n(-187)?
-7
Let d(q) = -17*q - 109. What is d(-10)?
61
Let g(c) = c**3 + 14*c**2 - 142*c + 16. Calculate g(7).
51
Let q(z) = -6*z**2 + 202*z + 44. Give q(34).
-24
Let i(f) = -f**3 - 72*f**2 - 2*f - 63. Determine i(-72).
81
Let c(t) = -35*t - 41. Determine c(2).
-111
Let v(r) = -r**3 + 2*r**2 - 8*r + 24. Determine v(0).
24
Let a(m) = -m**2 + 306*m + 1865. Calculate a(-6).
-7
Let k(y) = y**3 - 65*y**2 + 703*y + 570. Calculate k(51).
9
Let v(f) = -2*f**3 + 2*f**2 - 31*f + 105. Calculate v(6).
-441
Let n(f) = -3*f**3 - 579*f**2 + 1169*f - 201. Give n(-195).
-6
Let g(p) = p**2 - 492*p + 34913. Determine g(406).
-3
Let m(a) = -2*a**3 - 15*a**2 - 8*a - 6. Determine m(-7).
1
Let k(j) = -38*j + 2703. Calculate k(71).
5
Let s(x) = x**3 - 27*x**2 + 84*x + 182. What is s(23)?
-2
Let t(m) = -48*m**2 + 7*m - 8. Determine t(1).
-49
Let o(b) = -b**3 + 5*b**2 + 60*b + 101. Give o(-5).
51
Let w(x) = 2*x**2 + 75*x + 22. What is w(-23)?
-645
Let a(i) = -i**3 - 32*i**2 - 189*i + 80. Determine a(-24).
8
Let n(w) = -70*w + 3864. Determine n(55).
14
Let u(q) = -877*q + 18571. What is u(21)?
154
Let w(g) = 10*g + 11. Give w(-5).
-39
Let s(v) = -2694*v + 5377. Calculate s(2).
-11
Let f(a) = -39*a + 646. Determine f(17).
-17
Let r(w) = -273*w + 10383. Calculate r(38).
9
Let u(w) = -w**2 - 19*w + 26. What is u(-26)?
-156
Let g(y) = y**3 - 12*y**2 + 5*y - 64. What is g(12)?
-4
Let i(p) = 2*p**2 + 6*p + 57. Give i(0).
57
Let n(t) = t - 121. Calculate n(118).
-3
Let a(j) = -13*j**2 - 737*j + 94. Determine a(-57).
-134
Let d(q) = -41*q + 1746. What is d(44)?
-58
Let c(l) = 2*l**3 + 83*l**2 + 111*l - 365. Give c(-40).
-5
Let y(r) = -22*r - 1313. What is y(-60)?
7
Let p(c) = -c**3 - 20*c**2 + 96*c + 4. Determine p(-24).
4
Let o(f) = f**3 - 8*f**2 - 145*f - 8. Give o(15).
-608
Let c(a) = 2*a**2 + 106*a + 240. What is c(-50)?
-60
Let b(t) = -3*t**2 - 524*t + 9983. Calculate b(-192).
-1
Let y(l) = 14*l**2 - 152*l - 16. What is y(11)?
6
Let a(t) = 3*t**2 - 134*t - 1495. Calculate a(54).
17
Let w(g) = -17*g**3 + 172*g**2 - 50*g + 304. Give w(10).
4
Let d(q) = 37*q**2 + 259*q - 299. What is d(-8)?
-3
Let w(i) = -i**2 + 40*i - 236. Determine w(30).
64
Let h(l) = -21*l - 114. What is h(-4)?
-30
Let m(d) = d**3 - 9*d**2 + d - 30. What is m(5)?
-125
Let a(o) = -44*o + 583. Determine a(-4).
759
Let y(t) = -20*t - 404. Calculate y(-21).
16
Let g(s) = -343*s - 3037. What is g(-9)?
50
Let b(y) = 11*y - 77. Calculate b(8).
11
Let b(w) = -7*w**2 - 74*w - 28. Calculate b(-10).
12
Let y(n) = n**3 - 3*n**2 - 40*n - 10. Calculate y(-8).
-394
Let n(u) = 567*u**2 + 2823*u - 75. What is n(-5)?
-15
Let r(v) = -10*v**3 - 6*v**2 + 58*v - 208. What is r(4)?
-712
Let i(x) = -11*x**3 - 6*x**2 + 10*x - 15. What is i(2)?
-107
Let p(b) = b**3 + 53*b**2 + 250*b + 3. Determine p(-5).
-47
Let n(c) = 353*c + 1077. Calculate n(-3).
18
Let s(l) = -l**2 + 13079*l + 52340. Determine s(-4).
8
Let b(x) = x**3 + 45*x**2 + 84*x - 77. Give b(-43).
9
Let i(p) = 6*p**2 - 5*p - 9. Calculate i(-4).
107
Let n(l) = -473*l - 23178. What is n(-49)?
-1
Let o(w) = -4*w**2 + 89*w - 267. Determine o(17).
90
Let d(u) = -4*u**3 + 5*u**2 + 3*u - 13. Give d(-3).
131
Let t(j) = -12*j**2 - 593*j - 184. Calculate t(-49).
61
Let m(c) = -135*c - 46. Give m(1).
-181
Let n(v) = -v**3 + 8*v**2 - 9*v + 369. What is n(0)?
369
Let r(o) = 13*o + 499. What is r(-46)?
-99
Let u(f) = -18*f - 1764. Give u(-95).
-54
Let n(q) = -q**3 + 8*q**2 - 9*q - 37. What is n(5)?
-7
Let n(l) = -6*l**2 - 851*l - 3178. What is n(-138)?
-4
Let t(v) = 84*v - 1584. What is t(19)?
12
Let w(s) = -27*s**3 - 889*s**2 + 72*s + 200. Calculate w(-33).
2
Let h(f) = f**3 + 24*f**2 + 237*f + 4242. What is h(